{"id":3094,"date":"2021-03-04T11:38:51","date_gmt":"2021-03-04T09:38:51","guid":{"rendered":"https:\/\/www.raten.ro\/?page_id=3094"},"modified":"2022-01-06T13:09:45","modified_gmt":"2022-01-06T11:09:45","slug":"declaratii-de-avere-si-interese-2021","status":"publish","type":"page","link":"https:\/\/www.raten.ro\/?page_id=3094","title":{"rendered":"Declara\u021bii de avere \u0219i interese 2021"},"content":{"rendered":"<p><strong><u>Aparatul propriu RATEN<\/u><\/strong><\/p>\n<ul>\n<li>DUCU MARIAN-C\u0102T\u0102LIN &#8211; <a href=\"informatii_publice\/declaratii_avere_si_interese\/2021\/declaratii_de_avere_si_interese_Ducu_Marian_Catalin.pdf\" target=\"_blank\" rel=\"noopener noreferrer\">Declaratie 1\u00a0 \u00a0<\/a><a href=\"informatii_publice\/declaratii_avere_si_interese\/2021\/declaratii_de_avere_si_interese_Ducu_Marian_Catalin_2.pdf\" target=\"_blank\" rel=\"noopener noreferrer\">Declaratie 2\u00a0 \u00a0<\/a><a href=\"informatii_publice\/declaratii_avere_si_interese\/2021\/declaratii_de_avere_si_interese_Ducu_Marian_Catalin_3.pdf\" target=\"_blank\" rel=\"noopener noreferrer\">Declaratie 3\u00a0 \u00a0<\/a><a href=\"informatii_publice\/declaratii_avere_si_interese\/2021\/declaratii_de_avere_si_interese_Ducu_Marian_Catalin_4.pdf\" target=\"_blank\" rel=\"noopener noreferrer\">Declaratie 4\u00a0 \u00a0<\/a><\/li>\n<li>TOMA ALEXANDRU &#8211; <a href=\"informatii_publice\/declaratii_avere_si_interese\/2021\/declaratii_de_avere_si_interese_Toma_Alexandru.pdf\" target=\"_blank\" rel=\"noopener noreferrer\">Declaratie\u00a0 \u00a0<\/a><\/li>\n<li>APOSTOLICEANU SORIN\u00a0&#8211; <a href=\"informatii_publice\/declaratii_avere_si_interese\/2021\/declaratii_de_avere_si_interese_Apostoliceanu_Sorin.pdf\" target=\"_blank\" rel=\"noopener noreferrer\">Declaratie\u00a01 \u00a0<\/a><a href=\"informatii_publice\/declaratii_avere_si_interese\/2021\/declaratii_de_avere_si_interese_Apostoliceanu_Sorin_2.pdf\" target=\"_blank\" rel=\"noopener noreferrer\">Declaratie\u00a02 \u00a0<\/a><a href=\"informatii_publice\/declaratii_avere_si_interese\/2021\/declaratii_de_avere_si_interese_Apostoliceanu_Sorin_3.pdf\" target=\"_blank\" rel=\"noopener noreferrer\">Declaratie\u00a03 \u00a0<\/a><\/li>\n<li>COJOCARU VALENTINA\u00a0&#8211; <a href=\"informatii_publice\/declaratii_avere_si_interese\/2021\/declaratii_de_avere_si_interese_Cojocaru_Ileana_Valentina.pdf\" target=\"_blank\" rel=\"noopener noreferrer\">Declaratie 1\u00a0 \u00a0<\/a><a href=\"informatii_publice\/declaratii_avere_si_interese\/2021\/declaratii_de_avere_si_interese_Cojocaru_Ileana_Valentina_2.pdf\" target=\"_blank\" rel=\"noopener noreferrer\">Declaratie 2\u00a0 \u00a0<\/a><\/li>\n<\/ul>\n<p><strong><u>Sucursale<\/u><\/strong><\/p>\n<ul>\n<li><a href=\"https:\/\/nuclear.ro\/declaratii-de-avere-si-de-interese\/\" target=\"_blank\" rel=\"noopener noreferrer\">RATEN ICN<\/a><\/li>\n<li><a href=\"http:\/\/citon.ro\/ro_declaratii.html\" target=\"_blank\" rel=\"noopener noreferrer\">RATEN CITON<\/a><\/li>\n<\/ul>\n<p><strong><u>Membrii Consiliului de Administratie<\/u><\/strong><\/p>\n<ul>\n<li>FULGER NICOLAE &#8211; <a href=\"informatii_publice\/declaratii_avere_si_interese\/2021\/declaratii_de_avere_si_interese_Fulger_Nicolae.pdf\" target=\"_blank\" rel=\"noopener noreferrer\">Declaratie 1\u00a0 \u00a0<\/a><a href=\"informatii_publice\/declaratii_avere_si_interese\/2021\/declaratii_de_avere_si_interese_Fulger_Nicolae_2.pdf\" target=\"_blank\" rel=\"noopener noreferrer\">Declaratie 2\u00a0 \u00a0<\/a><a href=\"informatii_publice\/declaratii_avere_si_interese\/2021\/declaratii_de_avere_si_interese_Fulger_Nicolae_3.pdf\" target=\"_blank\" rel=\"noopener noreferrer\">Declaratie 3\u00a0 \u00a0<\/a><a href=\"informatii_publice\/declaratii_avere_si_interese\/2021\/declaratii_de_avere_si_interese_Fulger_Nicolae_4.pdf\" target=\"_blank\" rel=\"noopener noreferrer\">Declaratie 4\u00a0 \u00a0<\/a><\/li>\n<li>MUFTUREL AUGUSTIN MIHAI &#8211; <a href=\"informatii_publice\/declaratii_avere_si_interese\/2021\/declaratii_de_avere_si_interese_Mufturel_Augustin_Mihai.pdf\" target=\"_blank\" rel=\"noopener noreferrer\">Declaratie 1\u00a0 \u00a0<\/a><a href=\"informatii_publice\/declaratii_avere_si_interese\/2021\/declaratii_de_avere_si_interese_Mufturel_Augustin_Mihai_2.pdf\" target=\"_blank\" rel=\"noopener noreferrer\">Declaratie 2\u00a0 \u00a0<\/a><a href=\"informatii_publice\/declaratii_avere_si_interese\/2021\/declaratii_de_avere_si_interese_Mufturel_Augustin_Mihai_3.pdf\" target=\"_blank\" rel=\"noopener noreferrer\">Declaratie 3\u00a0 \u00a0<\/a><a href=\"informatii_publice\/declaratii_avere_si_interese\/2021\/declaratii_de_avere_si_interese_Mufturel_Augustin_Mihai_4.pdf\" target=\"_blank\" rel=\"noopener noreferrer\">Declaratie 4\u00a0 \u00a0<\/a><\/li>\n<li>TRANCOT\u0102 DAN &#8211; <a href=\"informatii_publice\/declaratii_avere_si_interese\/2021\/declaratii_de_avere_si_interese_Trancota_Dan.pdf\" target=\"_blank\" rel=\"noopener noreferrer\">Declaratie 1\u00a0 \u00a0<\/a><a href=\"informatii_publice\/declaratii_avere_si_interese\/2021\/declaratii_de_avere_si_interese_Trancota_Dan_2.pdf\" target=\"_blank\" rel=\"noopener noreferrer\">Declaratie 2\u00a0 \u00a0<\/a><a href=\"informatii_publice\/declaratii_avere_si_interese\/2021\/declaratii_de_avere_si_interese_Trancota_Dan_3.pdf\" target=\"_blank\" rel=\"noopener noreferrer\">Declaratie 3\u00a0 \u00a0<\/a><a href=\"informatii_publice\/declaratii_avere_si_interese\/2021\/declaratii_de_avere_si_interese_Trancota_Dan_4.pdf\" target=\"_blank\" rel=\"noopener noreferrer\">Declaratie 4\u00a0 \u00a0<\/a><\/li>\n<li>POPESCU SILISTENI MARIUS DUMITRU &#8211; <a href=\"informatii_publice\/declaratii_avere_si_interese\/2021\/declaratii_de_avere_si_interese_Popescu_Silisteni_Marius_Dumitru.pdf\" target=\"_blank\" rel=\"noopener noreferrer\">Declaratie 1\u00a0 \u00a0<\/a><a href=\"informatii_publice\/declaratii_avere_si_interese\/2021\/declaratii_de_avere_si_interese_Popescu_Silisteni_Marius_Dumitru_2.pdf\" target=\"_blank\" rel=\"noopener noreferrer\">Declaratie 2\u00a0 \u00a0<\/a><a href=\"informatii_publice\/declaratii_avere_si_interese\/2021\/declaratii_de_avere_si_interese_Popescu_Silisteni_Marius_Dumitru_3.pdf\" target=\"_blank\" rel=\"noopener noreferrer\">Declaratie 3\u00a0 \u00a0<\/a><\/li>\n<li>IONI\u021a\u0102 GEORGHE &#8211; <a href=\"informatii_publice\/declaratii_avere_si_interese\/2021\/declaratii_de_avere_si_interese_Ionita_Gheorghe.pdf\" target=\"_blank\" rel=\"noopener noreferrer\">Declaratie 1\u00a0 \u00a0<\/a><a href=\"informatii_publice\/declaratii_avere_si_interese\/2021\/declaratii_de_avere_si_interese_Ionita_Gheorghe_2.pdf\" target=\"_blank\" rel=\"noopener noreferrer\">Declaratie 2\u00a0 \u00a0<\/a><a href=\"informatii_publice\/declaratii_avere_si_interese\/2021\/declaratii_de_avere_si_interese_Ionita_Gheorghe_3.pdf\" target=\"_blank\" rel=\"noopener noreferrer\">Declaratie 3\u00a0 \u00a0<\/a><\/li>\n<li>TOFAN GELU (p\u00e2n\u0103 la data de 22.02.2021) &#8211; <a href=\"informatii_publice\/declaratii_avere_si_interese\/2021\/declaratii_de_avere_si_interese_Tofan_Gelu.pdf\" target=\"_blank\" rel=\"noopener noreferrer\">Declaratie\u00a0 \u00a0<\/a><\/li>\n<li>BUH\u0102ESCU ROMULUS DORU (p\u00e2n\u0103 la data de 01.03.2021) &#8211; <a href=\"informatii_publice\/declaratii_avere_si_interese\/2021\/declaratii_de_avere_si_interese_Buhaescu_Romulus_Doru.pdf\" target=\"_blank\" rel=\"noopener noreferrer\">Declaratie\u00a0 \u00a0<\/a><\/li>\n<\/ul>\n<p><\/p>","protected":false},"excerpt":{"rendered":"<p>Aparatul propriu RATEN DUCU MARIAN-C\u0102T\u0102LIN &#8211; Declaratie 1\u00a0 \u00a0Declaratie 2\u00a0 \u00a0Declaratie 3\u00a0 \u00a0Declaratie 4\u00a0 \u00a0 TOMA ALEXANDRU &#8211; Declaratie\u00a0 \u00a0 APOSTOLICEANU SORIN\u00a0&#8211; Declaratie\u00a01 \u00a0Declaratie\u00a02 \u00a0Declaratie\u00a03 \u00a0 COJOCARU VALENTINA\u00a0&#8211; Declaratie 1\u00a0 \u00a0Declaratie 2\u00a0 \u00a0 Sucursale RATEN ICN RATEN CITON Membrii Consiliului de Administratie FULGER NICOLAE &#8211; Declaratie 1\u00a0 \u00a0Declaratie 2\u00a0 \u00a0Declaratie<span class=\"more-link\"><a href=\"https:\/\/www.raten.ro\/?page_id=3094\">Read More &rarr;<\/a><\/span><\/p>\n","protected":false},"author":1,"featured_media":0,"parent":0,"menu_order":0,"comment_status":"closed","ping_status":"closed","template":"","meta":{"footnotes":""},"class_list":["entry","author-wpadmin","post-3094","page","type-page","status-publish"],"_links":{"self":[{"href":"https:\/\/www.raten.ro\/index.php?rest_route=\/wp\/v2\/pages\/3094","targetHints":{"allow":["GET"]}}],"collection":[{"href":"https:\/\/www.raten.ro\/index.php?rest_route=\/wp\/v2\/pages"}],"about":[{"href":"https:\/\/www.raten.ro\/index.php?rest_route=\/wp\/v2\/types\/page"}],"author":[{"embeddable":true,"href":"https:\/\/www.raten.ro\/index.php?rest_route=\/wp\/v2\/users\/1"}],"replies":[{"embeddable":true,"href":"https:\/\/www.raten.ro\/index.php?rest_route=%2Fwp%2Fv2%2Fcomments&post=3094"}],"version-history":[{"count":0,"href":"https:\/\/www.raten.ro\/index.php?rest_route=\/wp\/v2\/pages\/3094\/revisions"}],"wp:attachment":[{"href":"https:\/\/www.raten.ro\/index.php?rest_route=%2Fwp%2Fv2%2Fmedia&parent=3094"}],"curies":[{"name":"wp","href":"https:\/\/api.w.org\/{rel}","templated":true}]}}