{"id":2959,"date":"2020-10-26T12:47:45","date_gmt":"2020-10-26T10:47:45","guid":{"rendered":"https:\/\/www.raten.ro\/?page_id=2959"},"modified":"2020-10-26T14:41:23","modified_gmt":"2020-10-26T12:41:23","slug":"alfred-etapa-1-context","status":"publish","type":"page","link":"https:\/\/www.raten.ro\/?page_id=2959","title":{"rendered":"Alfred &#8211; Etapa 1 &#8211; Context"},"content":{"rendered":"<p><\/p>\n<table border=\"0\" width=\"100%\" cellspacing=\"0\" align=\"left\">\n<tbody>\n<tr valign=\"top\">\n<td align=\"left\" width=\"30%\"><a href=\"https:\/\/www.raten.ro\/?page_id=2893\" rel=\"noopener noreferrer\"><img loading=\"lazy\" decoding=\"async\" class=\"aligncenter wp-image-2954 size-full\" src=\"https:\/\/www.raten.ro\/wp-content\/uploads\/2020\/10\/Alfred-Eatapa-1-2.jpg\" alt=\"\" width=\"220\" height=\"583\" srcset=\"https:\/\/www.raten.ro\/wp-content\/uploads\/2020\/10\/Alfred-Eatapa-1-2.jpg 220w, https:\/\/www.raten.ro\/wp-content\/uploads\/2020\/10\/Alfred-Eatapa-1-2-113x300.jpg 113w, https:\/\/www.raten.ro\/wp-content\/uploads\/2020\/10\/Alfred-Eatapa-1-2-208x550.jpg 208w, https:\/\/www.raten.ro\/wp-content\/uploads\/2020\/10\/Alfred-Eatapa-1-2-189x500.jpg 189w\" sizes=\"auto, (max-width: 220px) 100vw, 220px\" \/><\/a><\/td>\n<td style=\"text-align: center;\" align=\"left\" width=\"70%\"><span style=\"color: #ffffff;\">.<\/span><br \/>\n<a href=\"https:\/\/www.raten.ro\/wp-content\/uploads\/2020\/10\/Alfred-Eatapa-1-1.jpg\" target=\"_blank\" rel=\"noopener noreferrer\"><img loading=\"lazy\" decoding=\"async\" class=\"aligncenter wp-image-2955\" src=\"https:\/\/www.raten.ro\/wp-content\/uploads\/2020\/10\/Alfred-Eatapa-1-1.jpg\" alt=\"\" width=\"489\" height=\"100\" srcset=\"https:\/\/www.raten.ro\/wp-content\/uploads\/2020\/10\/Alfred-Eatapa-1-1.jpg 1466w, https:\/\/www.raten.ro\/wp-content\/uploads\/2020\/10\/Alfred-Eatapa-1-1-300x61.jpg 300w, https:\/\/www.raten.ro\/wp-content\/uploads\/2020\/10\/Alfred-Eatapa-1-1-1024x210.jpg 1024w, https:\/\/www.raten.ro\/wp-content\/uploads\/2020\/10\/Alfred-Eatapa-1-1-768x157.jpg 768w, https:\/\/www.raten.ro\/wp-content\/uploads\/2020\/10\/Alfred-Eatapa-1-1-465x95.jpg 465w, https:\/\/www.raten.ro\/wp-content\/uploads\/2020\/10\/Alfred-Eatapa-1-1-695x142.jpg 695w\" sizes=\"auto, (max-width: 489px) 100vw, 489px\" \/><\/a><br \/>\n<strong>ALFRED &#8211; ETAPA 1<\/strong><br \/>\n<em><strong>infrastructur\u0103 de cercetare suport:<\/strong><\/em><br \/>\n<em><strong>ATHENA<\/strong> (instala\u0163ie de tip piscin\u0103 pentru experimente \u015fi teste termohidraulice)<\/em><br \/>\n<em><strong>ChemLab<\/strong> (laborator pentru chimia plumbului)<\/em><\/p>\n<p style=\"text-align: justify;\"><strong>Context<\/strong><br \/>\nDemonstratorul ALFRED este un proiect european, inclus \u00een foaia de parcurs a ESNII (Ini\u0163iativa European\u0103 de Dezvoltare Nuclear\u0103 Industrial\u0103 Durabil\u0103), \u00een cadrul primei linii de priorit\u0103\u0163i. \u00cen 2028 e prev\u0103zut\u0103 realizarea acestui demonstrator al tehnologiei inovatoare LFR (Lead-cooled Fast Reactor), un reactor de Genera\u0163ie IV r\u0103cit cu plumb care are drept obiective cre\u015fterea gradului de securitate, utilizarea mai eficient\u0103 a resurselor, reciclarea combustibilului, reducerea volumului \u015fi a toxicit\u0103\u0163ii de\u015feurilor, fiind foarte competitive la nivel economic.<\/p>\n<p style=\"text-align: justify;\">Pentru realizarea demonstratorului este nevoie de o infrastructur\u0103 suport care cuprinde \u015fase instala\u0163ii unice \u00een lume: ATHENA, ChemLab, ELF, HELENA2, Hands-ON \u015fi Meltin\u2019Pot. Acestea sunt necesare pentru rezolvarea aspectelor deschise ale tehnologiei LFR, elucidarea efectelor de scal\u0103 \u015fi realizarea activit\u0103\u0163ilor de testare \u015fi demonstra\u0163ie pentru componentele ALFRED.<\/p>\n<p style=\"text-align: justify;\">Instala\u0163iile vor lucra pe baza unui program tehnico-\u015ftiin\u0163ific \u015fi de demonstrare realizat sub supravegherea consor\u0163iului FALCON, precum \u015fi a altor parteneri interna\u0163ionali cu care FALCON a semnat acorduri, viz\u00e2nd utilizarea optim\u0103 a instala\u0163iilor prin corelarea sinergic\u0103 a altor activit\u0103\u0163i realizate la nivelul altor laboratoare, sustenabilitatea oper\u0103rii (prin integrare interna\u0163ional\u0103) \u015fi urm\u0103rirea atent\u0103 a obiectivelor LFR.<\/p>\n<p style=\"text-align: justify;\">Proiectul \u201cALFRED \u2013 Etapa 1, infrastructur\u0103 de cercetare suport: ATHENA (instala\u0163ie de tip piscin\u0103 pentru experimente \u015fi teste termohidraulice) \u015fi ChemLab (laborator pentru chimia plumbului)\u201d are ca scop realizarea primelor dou\u0103 elemente din cele \u015fase, acestea fiind prioritare pentru rezolvarea aspectelor men\u0163ionate prin experimente de testare la scara 1:1 \u015fi prin producerea de date experimentale.<\/p>\n<p style=\"text-align: justify;\">ATHENA \u015fi ChemLab vor fi localizate pe un teren aflat \u00een proprietatea statului \u0219i administrat de RATEN. Amplasamentul se afl\u0103 \u00een incinta Platformei nucleare Mioveni, dotat\u0103 cu toate utilit\u0103\u0163ile necesare oper\u0103rii unor obiective \u015fi instala\u0163ii nucleare (Reactorul de cercetare TRIGA-ICN, Laboratorul de Examinare Post-Iradiere LEPI, Sta\u0163ia de Tratare De\u015feuri Radioactive STDR) \u015fi protejat\u0103 printr-un sistem de protec\u0163ie fizic\u0103 ce corespunde cerin\u0163elor \u015fi tratatelor interna\u0163ionale la care Rom\u00e2nia este parte \u2013 IAEA Viena, EURATOM.<\/p>\n<p style=\"text-align: justify;\"><a href=\"http:\/\/www.fonduri-ue.ro\" target=\"_blank\" rel=\"noopener noreferrer\">www.fonduri-ue.ro<\/a><br \/>\n<a href=\"http:\/\/www.alfred-reactor.eu\" target=\"_blank\" rel=\"noopener noreferrer\">http:\/\/www.alfred-reactor.eu<\/a><\/p>\n<p style=\"text-align: justify; font-size: 10px;\"><strong><em>Proiect cofinan\u021bat din Fondul European de Dezvoltare Regional\u0103 prin Programul Opera\u021bional Competitivitate<\/em><\/strong><\/p>\n<\/td>\n<\/tr>\n<\/tbody>\n<\/table>\n<p><\/p>","protected":false},"excerpt":{"rendered":"<p>. ALFRED &#8211; ETAPA 1 infrastructur\u0103 de cercetare suport: ATHENA (instala\u0163ie de tip piscin\u0103 pentru experimente \u015fi teste termohidraulice) ChemLab (laborator pentru chimia plumbului) Context Demonstratorul ALFRED este un proiect european, inclus \u00een foaia de parcurs a ESNII (Ini\u0163iativa European\u0103 de Dezvoltare Nuclear\u0103 Industrial\u0103 Durabil\u0103), \u00een cadrul primei linii de<span class=\"more-link\"><a href=\"https:\/\/www.raten.ro\/?page_id=2959\">Read More &rarr;<\/a><\/span><\/p>\n","protected":false},"author":1,"featured_media":0,"parent":0,"menu_order":0,"comment_status":"closed","ping_status":"closed","template":"","meta":{"footnotes":""},"class_list":["entry","author-wpadmin","post-2959","page","type-page","status-publish"],"_links":{"self":[{"href":"https:\/\/www.raten.ro\/index.php?rest_route=\/wp\/v2\/pages\/2959","targetHints":{"allow":["GET"]}}],"collection":[{"href":"https:\/\/www.raten.ro\/index.php?rest_route=\/wp\/v2\/pages"}],"about":[{"href":"https:\/\/www.raten.ro\/index.php?rest_route=\/wp\/v2\/types\/page"}],"author":[{"embeddable":true,"href":"https:\/\/www.raten.ro\/index.php?rest_route=\/wp\/v2\/users\/1"}],"replies":[{"embeddable":true,"href":"https:\/\/www.raten.ro\/index.php?rest_route=%2Fwp%2Fv2%2Fcomments&post=2959"}],"version-history":[{"count":0,"href":"https:\/\/www.raten.ro\/index.php?rest_route=\/wp\/v2\/pages\/2959\/revisions"}],"wp:attachment":[{"href":"https:\/\/www.raten.ro\/index.php?rest_route=%2Fwp%2Fv2%2Fmedia&parent=2959"}],"curies":[{"name":"wp","href":"https:\/\/api.w.org\/{rel}","templated":true}]}}