{"id":1799,"date":"2019-01-31T10:25:23","date_gmt":"2019-01-31T08:25:23","guid":{"rendered":"https:\/\/www.raten.ro\/?page_id=1799"},"modified":"2019-07-03T08:43:02","modified_gmt":"2019-07-03T05:43:02","slug":"manifestari-stiintifice-2019","status":"publish","type":"page","link":"https:\/\/www.raten.ro\/?page_id=1799","title":{"rendered":"Manifest\u0103ri \u0219tiin\u021bifice 2019"},"content":{"rendered":"<p><div class=\"table-responsive\"><table  style=\"width:100%; \"  class=\"easy-table easy-table-default \" >\n<tbody>\r\n<tr><td  style=\"width:80px;text-align:center\" ><img decoding=\"async\" src=\"http:\/\/www.raten.ro\/images\/MEACTOS.jpg\" alt=\"\" width=\"150\" border=\"0\" \/><\/td>\n<td  style=\"width:670px;text-align:justify\" ><strong>18-19 Iunie 2019<\/strong><br \/><strong>RATEN ICN<\/strong> organizeaz\u0103 \u0219i g\u0103zduie\u0219te \u00cent\u00e2lnirea Tehnic\u0103 \u00een cadrul Proiectului MEACTOS la Bucure\u0219ti.<br \/>Proiectul EURATOM MEACTOS (Mitigating Environmentally-Assisted Cracking Through Optimisation of Surface Condition) se desf\u0103\u0219oar\u0103 pe o perioad\u0103 de 48 de luni, \u00eencep\u00e2nd cu 01.09.2017. <br \/><a href=\"https:\/\/meactos.eu\/\" target=\"_blank\" rel=\"noopener noreferrer\">https:\/\/meactos.eu\/<\/a><br \/><a href=\"https:\/\/meactos.eu\/events\/\" target=\"_blank\" rel=\"noopener noreferrer\">https:\/\/meactos.eu\/events\/<\/a><\/td>\n<\/tr>\n\r\n<tr><td  style=\"text-align:center\" ><img decoding=\"async\" src=\"http:\/\/www.raten.ro\/images\/IAEA.jpg\" alt=\"\" width=\"150\" border=\"0\" \/><\/td>\n<td  style=\"text-align:justify\" ><strong>10-14 Iunie 2019<\/strong><br \/><strong>RATEN ICN<\/strong> g\u0103zduieste, \u00een numele Guvernului Rom\u00e2niei \u015fi sub egida Agen\u0163iei Interna\u0163ionale pentru Energie Atomic\u0103, IAEA, Viena, cea de-a 52-a Int\u00e2lnire a Grupului de Lucru pentru Reactori Rapizi, TWG-FR, la sediul s\u0103u, pe Platforma nuclear\u0103 Mioveni.<\/td>\n<\/tr>\n\r\n<tr><td  style=\"text-align:center\" ><img decoding=\"async\" src=\"http:\/\/www.raten.ro\/images\/ECG-COMON.jpg\" alt=\"\" width=\"150\" border=\"0\" \/><\/td>\n<td  style=\"text-align:justify\" ><strong>17-18 Iunie 2019<\/strong><br \/><strong>RATEN ICN<\/strong> organizeaz\u0103 a 15-a \u00cent\u00e2lnire Anual\u0103 a \u201cEuropean Cooperative Group on Corrosion Monitoring of Nuclear Materials \u2013 ECG-COMON\u201d.<br \/><a href=\"https:\/\/www.nuclear.ro\/ro\/arhiva\/evenimente%20stiintifice\/ECG-COMON%20Meeting%202019-Announcement.pdf\" target=\"_blank\" rel=\"noopener noreferrer\">https:\/\/www.nuclear.ro\/ro\/arhiva\/evenimente%20stiintifice\/ECG-COMON%20Meeting%202019-Announcement.pdf<\/a><br \/><a href=\"http:\/\/ecg.web.psi.ch\/\" target=\"_blank\" rel=\"noopener noreferrer\">http:\/\/ecg.web.psi.ch\/<\/a><\/td>\n<\/tr>\n<\/tbody><\/table><\/div><\/p>\n<table border=\"0\" width=\"880\" cellspacing=\"0\" align=\"center\">\n<tbody>\n<tr>\n<td align=\"center\" width=\"50%\"><a href=\"https:\/\/www.raten.ro\/wp-content\/uploads\/2019\/06\/ECG_COMON_1.jpg\" target=\"_blank\" rel=\"noopener noreferrer\"><img loading=\"lazy\" decoding=\"async\" class=\"wp-image-1961 alignright\" src=\"https:\/\/www.raten.ro\/wp-content\/uploads\/2019\/06\/ECG_COMON_1-150x150.jpg\" alt=\"\" width=\"251\" height=\"150\" srcset=\"https:\/\/www.raten.ro\/wp-content\/uploads\/2019\/06\/ECG_COMON_1-300x179.jpg 300w, https:\/\/www.raten.ro\/wp-content\/uploads\/2019\/06\/ECG_COMON_1-768x459.jpg 768w, https:\/\/www.raten.ro\/wp-content\/uploads\/2019\/06\/ECG_COMON_1-1024x612.jpg 1024w, https:\/\/www.raten.ro\/wp-content\/uploads\/2019\/06\/ECG_COMON_1-465x278.jpg 465w, https:\/\/www.raten.ro\/wp-content\/uploads\/2019\/06\/ECG_COMON_1-695x416.jpg 695w\" sizes=\"auto, (max-width: 251px) 100vw, 251px\" \/><\/a><\/td>\n<td align=\"center\" width=\"50%\"><a href=\"https:\/\/www.raten.ro\/wp-content\/uploads\/2019\/06\/ECG_COMON_2.jpg\" target=\"_blank\" rel=\"noopener noreferrer\"><img loading=\"lazy\" decoding=\"async\" class=\"wp-image-1962 alignleft\" src=\"https:\/\/www.raten.ro\/wp-content\/uploads\/2019\/06\/ECG_COMON_2-150x150.jpg\" alt=\"\" width=\"304\" height=\"150\" srcset=\"https:\/\/www.raten.ro\/wp-content\/uploads\/2019\/06\/ECG_COMON_2-300x148.jpg 300w, https:\/\/www.raten.ro\/wp-content\/uploads\/2019\/06\/ECG_COMON_2-768x379.jpg 768w, https:\/\/www.raten.ro\/wp-content\/uploads\/2019\/06\/ECG_COMON_2-1024x505.jpg 1024w, https:\/\/www.raten.ro\/wp-content\/uploads\/2019\/06\/ECG_COMON_2-465x230.jpg 465w, https:\/\/www.raten.ro\/wp-content\/uploads\/2019\/06\/ECG_COMON_2-695x343.jpg 695w\" sizes=\"auto, (max-width: 304px) 100vw, 304px\" \/><\/a><\/td>\n<\/tr>\n<\/tbody>\n<\/table>\n<p><div class=\"table-responsive\"><table  style=\"width:100%; \"  class=\"easy-table easy-table-default \" >\n<tbody>\r\n<tr><td  style=\"width:80px;text-align:center\" ><img decoding=\"async\" src=\"http:\/\/www.raten.ro\/images\/FISRAD_2019.jpg\" alt=\"\" width=\"150\" border=\"0\" \/><\/td>\n<td  style=\"width:670px;text-align:justify\" ><strong>4-7 Iunie 2019<\/strong><br \/><strong>RATEN ICN<\/strong> coordoneaz\u0103 organizarea celei de a IX-a edi\u0163ii a Conferin\u0163ei \u201c<em>FISA &#8211; EuradWaste 2019<\/em>\u201d, la Pite\u015fti, \u00een colaborare cu Comisia European\u0103, sub auspiciile Pre\u015fedin\u0163iei Rom\u00e2niei la Consiliul Uniunii Europene.<br \/><a href=\"http:\/\/fisa-euradwaste2019.nuclear.ro\/\" target=\"_blank\" rel=\"noopener noreferrer\">http:\/\/fisa-euradwaste2019.nuclear.ro\/<\/a><\/td>\n<\/tr>\n\r\n<tr><td  style=\"text-align:center\" ><img decoding=\"async\" src=\"http:\/\/www.raten.ro\/images\/nuclear_2019.jpg\" alt=\"\" width=\"150\" border=\"0\" \/><\/td>\n<td  style=\"text-align:justify\" ><strong>3-4 Iunie 2019<\/strong><br \/><strong>RATEN ICN<\/strong> organizeaza<em> A 12-a Conferin\u021b\u0103 Interna\u021bional\u0103 Anual\u0103 privind Dezvoltarea Durabil\u0103 prin Cercetare Nuclear\u0103 \u0219i Educa\u021bie, Nuclear 2019<\/em> la sediul s\u0103u din Mioveni.<br \/><a href=\"https:\/\/www.nuclear.ro\/conference\/nuclear%202019\/N2019_flyer_3.[ST]=[DD]=20190122[31711].pdf\" target=\"_blank\" rel=\"noopener noreferrer\">https:\/\/www.nuclear.ro\/conference\/nuclear%202019\/N2019_flyer_3.[ST]=[DD]=20190122[31711].pdf<\/a><\/td>\n<\/tr>\n<\/tbody><\/table><\/div><\/p>","protected":false},"excerpt":{"rendered":"<p><span class=\"more-link\"><a href=\"https:\/\/www.raten.ro\/?page_id=1799\">Read More &rarr;<\/a><\/span><\/p>\n","protected":false},"author":1,"featured_media":0,"parent":0,"menu_order":0,"comment_status":"closed","ping_status":"closed","template":"","meta":{"footnotes":""},"class_list":["entry","author-wpadmin","post-1799","page","type-page","status-publish"],"_links":{"self":[{"href":"https:\/\/www.raten.ro\/index.php?rest_route=\/wp\/v2\/pages\/1799","targetHints":{"allow":["GET"]}}],"collection":[{"href":"https:\/\/www.raten.ro\/index.php?rest_route=\/wp\/v2\/pages"}],"about":[{"href":"https:\/\/www.raten.ro\/index.php?rest_route=\/wp\/v2\/types\/page"}],"author":[{"embeddable":true,"href":"https:\/\/www.raten.ro\/index.php?rest_route=\/wp\/v2\/users\/1"}],"replies":[{"embeddable":true,"href":"https:\/\/www.raten.ro\/index.php?rest_route=%2Fwp%2Fv2%2Fcomments&post=1799"}],"version-history":[{"count":0,"href":"https:\/\/www.raten.ro\/index.php?rest_route=\/wp\/v2\/pages\/1799\/revisions"}],"wp:attachment":[{"href":"https:\/\/www.raten.ro\/index.php?rest_route=%2Fwp%2Fv2%2Fmedia&parent=1799"}],"curies":[{"name":"wp","href":"https:\/\/api.w.org\/{rel}","templated":true}]}}